32
What is -26 (base 11) in base 4?
-130
2 (base 16) to base 14
2
What is 18 (base 14) in base 13?
19
Convert 4 (base 9) to base 6.
4
Convert -4 (base 15) to base 4.
-10
What is 15 (base 7) in base 11?
11
Convert 8 (base 14) to base 11.
8
Convert 120 (base 4) to base 5.
44
What is 12 (base 7) in base 3?
100
What is -100000 (base 2) in base 3?
-1012
110 (base 2) to base 16
6
Convert -aa (base 13) to base 15.
-95
What is -4 (base 15) in base 5?
-4
76 (base 13) to base 6
241
What is -122 (base 5) in base 16?
-25
Convert 4 (base 9) to base 2.
100
-36 (base 11) to base 5
-124
Convert 5 (base 12) to base 3.
12
What is -9c (base 16) in base 14?
-b2
-3 (base 8) to base 10
-3
-550 (base 6) to base 7
-420
-2022 (base 4) to base 9
-163
What is 14 (base 6) in base 11?
a
-4 (base 15) to base 2
-100
-10010 (base 2) to base 15
-13
Convert 0 (base 9) to base 7.
0
What is -210 (base 3) in base 6?
-33
Convert -20 (base 15) to base 8.
-36
What is -35 (base 16) in base 12?
-45
What is 3 (base 8) in base 11?
3
Convert 10200 (base 3) to base 6.
243
What is 102 (base 4) in base 10?
18
202 (base 6) to base 12
62
What is -6a (base 11) in base 6?
-204
What is 5 (base 14) in base 4?
11
96 (base 14) to base 8
204
What is -2302 (base 5) in base 13?
-1c2
Convert -aa (base 16) to base 11.
-145
-232 (base 6) to base 16
-5c
-17 (base 10) to base 2
-10001
-12121 (base 3) to base 4
-2113
Convert -7 (base 14) to base 4.
-13
Convert 444 (base 7) to base 9.
273
Convert -66 (base 13) to base 16.
-54
What is 101 (base 2) in base 9?
5
What is -112020 (base 3) in base 10?
-384
What is 11 (base 6) in base 4?
13
-310 (base 4) to base 3
-1221
Convert -6 (base 10) to base 8.
-6
1010010 (base 2) to base 8
122
-2 (base 6) to base 10
-2
Convert 20 (base 9) to base 2.
10010
Convert -5 (base 15) to base 4.
-11
Convert 58 (base 11) to base 15.
43
What is -17 (base 10) in base 5?
-32
Convert 5 (base 12) to base 3.
12
215 (base 6) to base 15
58
17 (base 12) to base 11
18
Convert -3 (base 7) to base 15.
-3
9a (base 15) to base 3
12101
-2 (base 3) to base 10
-2
Convert -5 (base 12) to base 6.
-5
c (base 15) to base 13
c
Convert -30 (base 8) to base 12.
-20
-13 (base 4) to base 13
-7
-34 (base 16) to base 10
-52
-59 (base 10) to base 5
-214
0 (base 5) to base 9
0
-3 (base 16) to base 13
-3
10010 (base 2) to base 7
24
What is -1010 (base 2) in base 3?
-101
What is bd (base 16) in base 6?
513
Convert 0 (base 8) to base 16.
0
What is 303 (base 5) in base 11?
71
What is 1001 (base 3) in base 6?
44
Convert -b (base 15) to base 5.
-21
Convert -2 (base 16) to base 10.
-2
-52 (base 8) to base 2
-101010
-134 (base 8) to base 15
-62
What is 31 (base 4) in base 3?
111
-2 (base 3) to base 8
-2
-10 (base 8) to base 13
-8
Convert 26 (base 16) to base 8.
46
-171 (base 9) to base 5
-1040
Convert 9b (base 14) to base 6.
345
Convert -14 (base 10) to base 12.
-12
2 (base 11) to base 3
2
-88 (base 16) to base 14
-9a
Convert -1 (base 11) to base 4.
-1
Convert 47 (base 10) to base 9.
52
What is 0 (base 7) in base 16?
0
Convert -5 (base 14) to base 5.
-10
What is 324 (base 5) in base 16?
59
Convert -1011001 (base 2) to base 9.
-108
What is -5 (base 8) in base 10?
-5
What is 4 (base 10) in base 6?
4
Convert 133 (base 8) to base 5.
331
Convert -25 (base 14) to base 10.
-33
What is 76 (base 15) in base 14?
7d
Convert -2 (base 8) to base 11.
-2
-2 (base 3) to base 16
-2
1100 (base 2) to base 12
10
Convert -8 (base 11) to base 2.
-1000
3 (base 8) to base 3
10
Convert 3 (base 11) to base 9.
3
Convert 151 (base 6) to base 3.
2111
What is -20 (base 5) in base 2?
-1010
b0 (base 14) to base 11
130
32 (base 9) to base 12
25
What is -2 (base 9) in base 8?
-2
What is 15 (base 12) in base 15?
12
What is 13 (base 13) in base 4?
100
-1014 (base 5) to base 2
-10000110
What is 175 (base 10) in base 4?
2233
-51 (base 12) to base 8
-75
What is -16 (base 7) in base 9?
-14
-13 (base 4) to base 15
-7
-3 (base 15) to base 6
-3
Convert -1 (base 9) to base 2.
-1
Convert 16 (base 16) to base 15.
17
2 (base 3) to base 10
2
-1 (base 10) to base 13
-1
-3 (base 6) to base 5
-3
What is -23 (base 8) in base 6?
-31
Convert 6 (base 15) to base 16.
6
-4 (base 12) to base 7
-4
Convert 13 (base 8) to base 7.
14
Convert 0 (base 14) to base 8.
0
Convert 1001110 (base 2) to base 8.
116
What is -1110101 (base 2) in base 11?
-a7
Convert 4 (base 13) to base 15.
4
3 (base 10) to base 6
3
Convert -1 (base 14) to base 6.
-1
What is 4 (base 10) in base 15?
4
-7 (base 12) to base 15
-7
What is 72 (base 10) in base 3?
2200
-1 (base 15) to base 6
-1
Convert a (base 12) to base 6.
14
Convert -41 (base 9) to base 11.
-34
19 (base 14) to base 10
23
-11 (base 3) to base 10
-4
-1 (base 15) to base 10
-1
Convert 16 (base 10) to base 2.
10000
What is 2224 (base 5) in base 7?
626
52 (base 11) to base 5
212
-175 (base 11) to base 13
-128
What is -12 (base 3) in base 5?
-10
2201 (base 3) to base 13
58
113 (base 4) to base 2
10111
213 (base 4) to base 15
29
What is 11 (base 12) in base 8?
15
130 (base 4) to base 5
103
Convert 28 (base 13) to base 14.
26
6 (base 14) to base 11
6
-7 (base 11) to base 10
-7
What is -5 (base 14) in base 11?
-5
-16 (base 16) to base 13
-19
Convert 1111 (base 2) to base 4.
33
Convert 14 (base 14) to base 7.
24
What is 10210 (base 3) in base 13?
7b
Convert 220 (base 3) to base 9.
26
-34 (base 6) to base 14
-18
What is -1 (base 13) in base 8?
-1
Convert 118 (base 9) to base 16.
62
What is -126 (base 10) in base 16?
-7e
What is -15 (base 7) in base 6?
-20
What is 101000 (base 2) in base 5?
130
-2 (base 10) to base 12
-2
35 (base 6) to base 13
1a
Convert -115 (base 10) to base 4.
-1303
What is -36 (base 8) in base 16?
-1e
Convert -5 (base 15) to base 6.
-5
191 (base 10) to base 7
362
What is ac (base 13) in base 6?
354
Convert a0 (base 15) to base 12.
106
Convert -4 (base 15) to base 14.
-4
Convert -3 (base 5) to base 6.
-3
Convert 11 (base 7) to base 12.
8
What is 4 (base 14) in base 6?
4
What is -5 (base 14) in base 6?
-5
Convert 31 (base 16) to base 3.
1211
What is -25 (base 16) in base 15?
-27
What is -123 (base 7) in base 14?
-4a
What is -3 (base 4) in base 11?
-3
What is -1 (base 3) in base 12?
-1
Convert 0 (base 10) to base 15.
0
Convert 5 (base 16) to base 7.
5
Convert 2 (base 12) to base 4.
2
Convert -304 (base 6) to base 7.
-220
Convert 155 (base 8) to base 15.
74
What is -11 (base 4) in base 8?
-5
What is -2 (base 16) in base 12?
-2
What is 2 (base 10) in base 9?
2
-100110110 (base 2) to base 4
-10312
Convert -1 (base 15) to base 4.
-1
Convert 22 (base 6) to base 14.
10
-4 (base 9) to base 5
-4
What is 112 (base 13) in base 14?
d2
What is -26 (base 7) in base 4?
-110
What is 0 (base 2) in base 11?
0
-3 (base 8) to base 9
-3
What is 502 (base 6) in base 5?
1212
What is -13b (base 16) in base 14?
-187
-c (base 13) to base 5
-22
3 (base 15) to base 16
3
What is -1 (base 2) in base 6?
-1
What is 1003 (base 5) in base 16?
80
Convert -83 (base 10) to base 13.
-65
Convert -1 (base 8) to base 12.
-1
What is -185 (base 12) in base 8?
-365
What is -32 (base 6) in base 10?
-20
Convert 1 (base 15) to base 5.
1
Convert 11 (base 15) to base 12.
14
Convert 45 (base 15) to base 12.
55
Convert -1d (base 14) to base 4.
-123
4 (base 5) to base 2
100
-224 (base 6) to base 13
-6a
Convert 11 (base 13) to base 7.
20
What is -3 (base 15) in base 16?
-3
-2 (base 16) to base 6
-2
Convert -5 (base 13) to base 14.
-5
What is 111 (base 2) in base 4?
13
What is -2b (base 16) in base 2?
-101011
-11 (base 5) to base 11
-6
-3 (base 8) to base 6
-3
What is 2 (base 14) in base 3?
2
4e (base 16) to base 12
66
Convert -5d (base 15) to base 13.
-6a
0 (base 10) to base 11
0
What is 1 (base 13) in base 14?
1
59 (base 14) to base 13
61
34 (base 5) to base 14
15
What is 2 (base 6) in base 13?
2
What is 8b (base 15) in base 7?
245
What is 6 (base 12) in base 4?
12
Convert 2 (base 13) to base 5.
2
-36 (base 11) to base 15
-29
Convert -1d (base 14) to base 3.
-1000
Convert 2 (base 14) to base 5.
2
-5 (base 12) to base 4
-11
3 (base 5) to base 3
10
What is 114 (base 6) in base 14?
34
-4 (base 11) to base 13
-4
Convert -2 (base 4) to base 9.
-2
-1a7 (base 11) to base 14
-130
What is -c5 (base 13) in base 8?
-241
Convert 41 (base 6) to base 16.
19
Convert 2 (base 3) to base 12.
2
Convert -5